{"id":8,"date":"2024-08-25T05:48:14","date_gmt":"2024-08-25T05:48:14","guid":{"rendered":"https:\/\/www.vyohyketerapiajaanakorhonen.fi\/?page_id=8"},"modified":"2025-04-23T15:18:49","modified_gmt":"2025-04-23T15:18:49","slug":"about","status":"publish","type":"page","link":"http:\/\/www.vyohyketerapiajaanakorhonen.fi\/?page_id=8","title":{"rendered":"Palvelut"},"content":{"rendered":"<p>[et_pb_section fb_built=&#8221;1&#8243; admin_label=&#8221;Header&#8221; _builder_version=&#8221;4.24.2&#8243; _module_preset=&#8221;default&#8221; use_background_color_gradient=&#8221;on&#8221; background_color_gradient_stops=&#8221;rgba(0,0,0,0.5) 0%|rgba(0,0,0,0.5) 100%&#8221; background_color_gradient_overlays_image=&#8221;on&#8221; background_image=&#8221;http:\/\/www.vyohyketerapiajaanakorhonen.fi\/wp-content\/uploads\/2024\/08\/fine-dining-16.jpg&#8221; parallax=&#8221;on&#8221; custom_padding=&#8221;8%||8%||true|false&#8221; locked=&#8221;off&#8221; collapsed=&#8221;on&#8221; global_colors_info=&#8221;{}&#8221;][et_pb_row _builder_version=&#8221;4.24.2&#8243; _module_preset=&#8221;default&#8221; width=&#8221;90%&#8221; max_width=&#8221;900px&#8221; global_colors_info=&#8221;{}&#8221;][et_pb_column type=&#8221;4_4&#8243; _builder_version=&#8221;4.24.1&#8243; _module_preset=&#8221;default&#8221; global_colors_info=&#8221;{}&#8221;][et_pb_heading title=&#8221;Palvelut&#8221; _builder_version=&#8221;4.27.0&#8243; _module_preset=&#8221;bbfae65c-bba2-41c9-964a-c67305ff82f1&#8243; title_text_align=&#8221;center&#8221; title_text_color=&#8221;#FFFFFF&#8221; global_colors_info=&#8221;{}&#8221;][\/et_pb_heading][et_pb_heading title=&#8221;Palveluvalikoima ja hinnat:&#8221; _builder_version=&#8221;4.27.0&#8243; _module_preset=&#8221;1761562a-ed3f-40f6-9722-de640ef78b78&#8243; title_text_align=&#8221;center&#8221; title_text_color=&#8221;#FFFFFF&#8221; max_width=&#8221;900px&#8221; module_alignment=&#8221;center&#8221; locked=&#8221;off&#8221; global_colors_info=&#8221;{}&#8221;][\/et_pb_heading][et_pb_heading title=&#8221;hinnat sis\u00e4lt\u00e4v\u00e4t alv.&#8221; _builder_version=&#8221;4.27.0&#8243; _module_preset=&#8221;1761562a-ed3f-40f6-9722-de640ef78b78&#8243; title_text_align=&#8221;center&#8221; title_text_color=&#8221;#FFFFFF&#8221; max_width=&#8221;900px&#8221; module_alignment=&#8221;center&#8221; locked=&#8221;off&#8221; global_colors_info=&#8221;{}&#8221;][\/et_pb_heading][\/et_pb_column][\/et_pb_row][\/et_pb_section][et_pb_section fb_built=&#8221;1&#8243; admin_label=&#8221;Our Story&#8221; _builder_version=&#8221;4.24.1&#8243; _module_preset=&#8221;default&#8221; locked=&#8221;off&#8221; collapsed=&#8221;on&#8221; global_colors_info=&#8221;{}&#8221;][et_pb_row _builder_version=&#8221;4.24.2&#8243; _module_preset=&#8221;default&#8221; hover_enabled=&#8221;0&#8243; global_colors_info=&#8221;{}&#8221; custom_padding=&#8221;41px|||||&#8221; sticky_enabled=&#8221;0&#8243;][et_pb_column type=&#8221;4_4&#8243; _builder_version=&#8221;4.24.1&#8243; _module_preset=&#8221;default&#8221; global_colors_info=&#8221;{}&#8221;][et_pb_text _builder_version=&#8221;4.27.3&#8243; _module_preset=&#8221;92fba9bc-2149-43e0-8b8a-264af191f1c0&#8243; hover_enabled=&#8221;0&#8243; global_colors_info=&#8221;{}&#8221; sticky_enabled=&#8221;0&#8243;]<\/p>\n<ul>\n<li style=\"font-weight: 400;\" aria-level=\"1\"><i><span style=\"font-weight: 400;\">Vy\u00f6hyketerapia 60-90 min<\/span><\/i> <i><span style=\"font-weight: 400;\">50-70\u20ac<\/span><\/i><\/li>\n<\/ul>\n<ul>\n<li style=\"font-weight: 400;\" aria-level=\"1\"><i><span style=\"font-weight: 400;\">Kuumakivihieronta 60-90 min<\/span><\/i> <i><span style=\"font-weight: 400;\">50-70\u20ac<\/span><\/i><\/li>\n<\/ul>\n<ul>\n<li style=\"font-weight: 400;\" aria-level=\"1\"><i><span style=\"font-weight: 400;\">Klassinen hieronta 60-90 min<\/span><\/i> <i><span style=\"font-weight: 400;\">50-70\u20ac<\/span><\/i><\/li>\n<\/ul>\n<ul>\n<li style=\"font-weight: 400;\" aria-level=\"1\"><i><span style=\"font-weight: 400;\">Guasha-hoito 30-90 min<\/span><\/i> <i><span style=\"font-weight: 400;\">25-70\u20ac<\/span><\/i><\/li>\n<\/ul>\n<ul>\n<li style=\"font-weight: 400;\" aria-level=\"1\"><i><span style=\"font-weight: 400;\">Korvakynttil\u00e4hoito 30 min<\/span><\/i> <i><span style=\"font-weight: 400;\">35\u20ac<\/span><\/i><\/li>\n<\/ul>\n<ul>\n<li style=\"font-weight: 400;\" aria-level=\"1\"><i><span style=\"font-weight: 400;\">Jalkahoito 90 min<\/span><\/i> <i><span style=\"font-weight: 400;\">65\u20ac<\/span><\/i><\/li>\n<\/ul>\n<ul>\n<li style=\"font-weight: 400;\" aria-level=\"1\"><i><span style=\"font-weight: 400;\">Akupunktio yhdistelm\u00e4hoito 60 min<\/span><\/i> <i><span style=\"font-weight: 400;\">50\u20ac<\/span><\/i><\/li>\n<\/ul>\n<ul>\n<li style=\"font-weight: 400;\" aria-level=\"1\"><i><span style=\"font-weight: 400;\">Imukuppihieronta \/ guasha-hoito 30-60 min<\/span><\/i> <i><span style=\"font-weight: 400;\">25-50\u20ac<\/span><\/i><\/li>\n<\/ul>\n<ul>\n<li style=\"font-weight: 400;\" aria-level=\"1\"><i><span style=\"font-weight: 400;\">Psychozone, jalkaterien energiaratahieronta 60 min<\/span><\/i> <i><span style=\"font-weight: 400;\">50\u20ac<\/span><\/i><\/li>\n<\/ul>\n<ul>\n<li style=\"font-weight: 400;\" aria-level=\"1\"><i><span style=\"font-weight: 400;\">Kasvohieronta 20 min<\/span><\/i> <i><span style=\"font-weight: 400;\">25\u20ac<\/span><\/i><\/li>\n<\/ul>\n<ul>\n<li style=\"font-weight: 400;\" aria-level=\"1\"><i><span style=\"font-weight: 400;\">Kasvo- ja p\u00e4\u00e4hieronta 45 min<\/span><\/i> <i><span style=\"font-weight: 400;\">45\u20ac<\/span><\/i><\/li>\n<\/ul>\n<ul>\n<li style=\"font-weight: 400;\" aria-level=\"1\"><i><span style=\"font-weight: 400;\">Lasten vy\u00f6hyketerapia, sovelletut hieronnat ja rentoutukset<\/span><\/i> <i><span style=\"font-weight: 400;\">50\u20ac<\/span><\/i><\/li>\n<\/ul>\n<ul>\n<li style=\"font-weight: 400;\" aria-level=\"1\"><i><span style=\"font-weight: 400;\">Vauvahieronta<\/span><\/i> <i><span style=\"font-weight: 400;\">50\u20ac<\/span><\/i><\/li>\n<\/ul>\n<ul>\n<li style=\"font-weight: 400;\" aria-level=\"1\"><i><span style=\"font-weight: 400;\">Vauvan vy\u00f6hyketerapia\/koliikkihoito<\/span><\/i> <i><span style=\"font-weight: 400;\">50\u20ac<\/span><\/i><\/li>\n<\/ul>\n<ul>\n<li style=\"font-weight: 400;\" aria-level=\"1\"><i><span style=\"font-weight: 400;\">Hermoratahieronta opiskelijaty\u00f6n\u00e4<\/span><\/i> <i><span style=\"font-weight: 400;\">50\u20ac<\/span><\/i><\/li>\n<\/ul>\n<p><i><\/i><\/p>\n<p><b><i>Lahjakortit<\/i><\/b><\/p>\n<p><i><span style=\"font-weight: 400;\">Valitsemaasi hoitoon tai valitsemallasi summalla.<\/span><\/i><\/p>\n<p><i><span style=\"font-weight: 400;\">Palvelut ovat kesken\u00e4\u00e4n yhdistelt\u00e4viss\u00e4.<\/span><\/i><\/p>\n<p>&nbsp;<\/p>\n<p><b><i>Teen hoitoja joko asiakkaan kotona tai hoitotiloissa. (Hinnat sis\u00e4lt\u00e4v\u00e4t asiakask\u00e4ynnit)<\/i><\/b><\/p>\n<p><b><i>Kortti ja epassi k\u00e4yv\u00e4t my\u00f6s maksuksi.<\/i><\/b><\/p>\n<p>&nbsp;<\/p>\n<p>[\/et_pb_text][\/et_pb_column][\/et_pb_row][\/et_pb_section]<\/p>\n","protected":false},"excerpt":{"rendered":"<p>Vy\u00f6hyketerapia 60-90 min 50-70\u20ac Kuumakivihieronta 60-90 min 50-70\u20ac Klassinen hieronta 60-90 min 50-70\u20ac Guasha-hoito 30-90 min 25-70\u20ac Korvakynttil\u00e4hoito 30 min 35\u20ac Jalkahoito 90 min 65\u20ac Akupunktio yhdistelm\u00e4hoito 60 min 50\u20ac Imukuppihieronta \/ guasha-hoito 30-60 min 25-50\u20ac Psychozone, jalkaterien energiaratahieronta 60 min 50\u20ac Kasvohieronta 20 min 25\u20ac Kasvo- ja p\u00e4\u00e4hieronta 45 min 45\u20ac Lasten vy\u00f6hyketerapia, sovelletut [&hellip;]<\/p>\n","protected":false},"author":1,"featured_media":0,"parent":0,"menu_order":0,"comment_status":"closed","ping_status":"closed","template":"","meta":{"_et_pb_use_builder":"on","_et_pb_old_content":"","_et_gb_content_width":"","footnotes":""},"class_list":["post-8","page","type-page","status-publish","hentry"],"_links":{"self":[{"href":"http:\/\/www.vyohyketerapiajaanakorhonen.fi\/index.php?rest_route=\/wp\/v2\/pages\/8"}],"collection":[{"href":"http:\/\/www.vyohyketerapiajaanakorhonen.fi\/index.php?rest_route=\/wp\/v2\/pages"}],"about":[{"href":"http:\/\/www.vyohyketerapiajaanakorhonen.fi\/index.php?rest_route=\/wp\/v2\/types\/page"}],"author":[{"embeddable":true,"href":"http:\/\/www.vyohyketerapiajaanakorhonen.fi\/index.php?rest_route=\/wp\/v2\/users\/1"}],"replies":[{"embeddable":true,"href":"http:\/\/www.vyohyketerapiajaanakorhonen.fi\/index.php?rest_route=%2Fwp%2Fv2%2Fcomments&post=8"}],"version-history":[{"count":4,"href":"http:\/\/www.vyohyketerapiajaanakorhonen.fi\/index.php?rest_route=\/wp\/v2\/pages\/8\/revisions"}],"predecessor-version":[{"id":67,"href":"http:\/\/www.vyohyketerapiajaanakorhonen.fi\/index.php?rest_route=\/wp\/v2\/pages\/8\/revisions\/67"}],"wp:attachment":[{"href":"http:\/\/www.vyohyketerapiajaanakorhonen.fi\/index.php?rest_route=%2Fwp%2Fv2%2Fmedia&parent=8"}],"curies":[{"name":"wp","href":"https:\/\/api.w.org\/{rel}","templated":true}]}}